s the highest common factor of 558 and m?
18
Suppose -3*k + 56 = g, -12 = -3*k - k. Let d be (g + 1)/(((-147)/14)/(-7)). Calculate the greatest common factor of 72 and d.
8
Suppose -55 - 5 = -4*f. Let t be 9/(-18) - 61/(-2). Let r be 587/13 - t/195. What is the highest common divisor of f and r?
15
Let w be 2 - (-6)/((-72)/156) - -17. Let d(j) = 15*j + 6. Let h be d(6). Calculate the highest common factor of h and w.
6
Let r(t) = 10*t**3 + 77*t**2 + 29*t - 11. Let m be r(-7). What is the highest common divisor of m and 15523?
43
Let s = -16348 - -16413. Calculate the highest common factor of s and 7215.
65
Let q = 5685 + -5370. Calculate the highest common factor of 805 and q.
35
Let i(o) = o**2 - 20*o + 12. Suppose -3*g - 24 = -5*g. Let m be i(g). Let d be (m/8)/((-9)/60). Calculate the highest common factor of d and 175.
35
Suppose -10 = -5*v, -5*v - 1004 = -3*l + 816. Let x = 1080 - l. What is the highest common factor of x and 10?
10
Let c(z) = -7*z**2 - 199*z - 33. Let n be c(-16). Calculate the highest common divisor of 1963 and n.
151
Let v(g) = -14*g - 133. Let r be v(-10). Suppose -2*a - 13 = -a - 5*k, 14 = a + 4*k. Let p be 1/(3/(1 + a)). Calculate the highest common factor of p and r.
1
Let w be -5 - (-4965408)/192*(-2)/(-3). What is the highest common factor of 248 and w?
124
Let y be (-2664)/(-16)*(-140)/(-42). What is the greatest common divisor of 15 and y?
15
Let x = 18 + -27. Let k(h) be the second derivative of h**4/12 + h**3/2 - 20*h**2 + 11*h. Let u be k(x). Calculate the highest common factor of u and 14.
14
Let c be ((-3)/(-2))/(2/4). Let i be 22/c - (-4)/6. Let d = -39846 + 39862. What is the greatest common factor of i and d?
8
Let p = -30041 - -30119. Calculate the highest common factor of 1391 and p.
13
Suppose 15*i - 49 = 26. Suppose 5*h - 5*o = -0*o + 125, -i*o - 5 = 0. Calculate the highest common divisor of 984 and h.
24
Suppose 4*p = -4*g + 2*g + 8, 5*p = -2*g + 8. Suppose z + 0*z + 4 = p. Let l be -1*(1 - 3) - (z + 4). Calculate the highest common divisor of 8 and l.
2
Let f be (122 - -6)/2 + 2*-1. Suppose -105*s = -107*s + f. Calculate the highest common divisor of 279 and s.
31
Let z be 167 + 0 + 80/(-1000)*-25. Let s = 4 + -1. Suppose -s*l + z + 392 = 0. Calculate the highest common factor of l and 17.
17
Let q(z) = 123*z - 157. Let m be q(-4). Let c = 691 + m. Let p(o) = 4*o**2 + 4*o - 3. Let k be p(2). What is the greatest common factor of k and c?
21
Let t be (8/(-12) + 292/6)*(-175)/(-7). Calculate the highest common factor of t and 384.
48
Suppose -65 = -5*o + 35. Let h = o + 25. What is the highest common divisor of h and 5?
5
Let j = -153 + 275. Suppose 121*a + 267 = j*a. What is the greatest common divisor of 356 and a?
89
Suppose d = -8 + 11. Suppose -4*q + 0*z + 66 = d*z, -q = -5*z - 5. Let y be 1/(6/(-45))*-2. Calculate the highest common factor of y and q.
15
Let m(n) = n**3 + 17*n**2 + 16*n + 3. Let c be m(-16). Suppose -5*f + c*f - 2*r + 4 = 0, r - 9 = -2*f. Calculate the greatest common factor of f and 5.
1
Let m = -8630 - -8640. What is the greatest common factor of m and 115?
5
Let o(b) = -b. Let l be -10*3*2/15. Let t be o(l). Let j = -40 + 60. Calculate the greatest common factor of j and t.
4
Let l be 15/10 - (-2)/4. Let s be ((-13)/l - -3 - -6)*2. Calculate the highest common divisor of s and 205.
5
Let s(m) = -94*m + 260. Let v be s(2). What is the greatest common factor of 4932 and v?
36
Suppose 0 = -w - 1 + 5. Let u = w + -2. Let a = 53 - 33. Calculate the highest common divisor of u and a.
2
Suppose 17*r = 222 - 1. Let g be 0/(r - 8) + 18. What is the greatest common divisor of g and 378?
18
Let p = 41 + -25. Let z be (6/5)/(-3) + 1573/(-55). Let j = 173 + z. What is the highest common divisor of p and j?
16
Suppose -7970 = z - 6*z. Suppose 0 = -5*a - 4*m + 2660, -2*m = 4*a - a - z. Suppose 0 = -22*f + 25*f - a. What is the greatest common factor of f and 16?
16
Suppose 49071 = -16*o + 50895. What is the highest common divisor of o and 76?
38
Let d be ((-51)/(-4))/(215/40 + -5). What is the greatest common divisor of 629 and d?
17
Let x be 10/(7*(-2)/(-44) + 2/11). Calculate the highest common factor of 14860 and x.
20
Suppose 0 = -3*j - 12, -4*m + 0*j = 4*j - 36. Suppose -13*y + 11*y + 36 = 0. Let a be (-3)/y + (-314)/(-12). What is the highest common divisor of m and a?
13
Suppose -2 = -5*n + 13, 5*o - 5*n + 660 = 0. Let i be ((-720)/(-7))/(o/(-602)). Calculate the greatest common divisor of 30 and i.
30
Let x = 9 - -2. Suppose 0 = -1170*f - 616*f + 844778. Calculate the greatest common factor of x and f.
11
Suppose 4*y + g = -0*g + 3646, 4*y + 4*g - 3640 = 0. Suppose 11*a + a + y = 0. Let r = -61 - a. What is the greatest common divisor of 10 and r?
5
Let w(f) be the second derivative of f**4/12 + f**3/6 + 6*f**2 - 2*f - 20. Let h be w(8). Calculate the greatest common divisor of 12 and h.
12
Suppose -3*t = 3*v - 12, 2*v + t = -0*v + 10. Suppose -16*i - i = -2448. Suppose -i = -8*h + v*h. What is the greatest common divisor of 9 and h?
9
Suppose 4*y + 2*d = -74 + 1546, -5*d + 20 = 0. Calculate the highest common divisor of 66 and y.
6
Suppose -5*a - 340 = -4*o, -59*a = -5*o - 57*a + 391. Calculate the greatest common factor of 115 and o.
5
Let z(b) = -b - 4. Let s be z(11). Let a be -20*((-3)/s + 7/35). Let l(c) = c**2 + 6*c - 9. Let d be l(a). What is the highest common divisor of 2 and d?
1
Suppose 2*m - g - 43 = 0, -3*g = -4*m + 61 + 24. Calculate the highest common factor of 3751 and m.
11
Let q be ((-148)/(-6))/((-7)/(-21)). Suppose -6*c = -q + 2. Suppose -c = -2*z - z. What is the highest common divisor of 1 and z?
1
Let q(v) = -v**3 - 15*v**2 + 34*v + 5. Let o be q(-17). Suppose 0 = 5*n + 20, -6*r + 3*r - o*n + 265 = 0. What is the greatest common factor of 57 and r?
19
Let x(d) = 2241*d + 146. Let f be x(1). What is the greatest common divisor of 385 and f?
77
Suppose 0 = m - 22 + 13. Suppose 0 = 5*k - m - 51. Suppose 0 = -k*r + 135 - 3. Calculate the greatest common divisor of r and 121.
11
Suppose 5*q + 114 + 76 = 5*t, -t + 44 = 2*q. Let c(d) = d**3 + 24*d**2 - 45*d + 242. Let o be c(-26). What is the highest common factor of o and t?
20
Let x = -22 - -363. Suppose 0 = 2*a + r - 66, -3*r + 105 = 5*a - 62. Calculate the greatest common divisor of x and a.
31
Let q be 130/(-26) + 0 + -10. Let j be 24/(-10)*175/q. What is the highest common factor of j and 56?
28
Let a(w) = w**3 - 22*w**2 + 44*w + 26. Let t be a(20). Suppose 2*b - 69 = 2*p - 5*p, -2*b - t = -4*p. What is the highest common divisor of p and 25?
25
Let a = -4186 - -5284. Calculate the greatest common divisor of 144 and a.
18
Let m = -143 - -135. Let u = 17 + m. Let q(d) = d**2 - 5*d + 15. Let t be q(u). Calculate the greatest common factor of t and 17.
17
Let f(g) = -4*g**3 - g + 4. Let l be (2 + -4)/((-4)/(-6)). Let z be f(l). Suppose 45*p + 599 - 676 = 958. Calculate the greatest common factor of z and p.
23
Suppose -6*s - 7616 = -70*s. Calculate the highest common factor of s and 68.
17
Suppose 2376*s + 2203884 = 2463*s. Calculate the highest common divisor of s and 24.
12
Let a(f) = 53*f - 86. Let s be a(10). Let n = -411 - -447. Calculate the highest common factor of s and n.
12
Let p(i) = -i**3 - 12*i**2 - 21*i + 8. Suppose 4*m + 2*s + 34 = 0, -13*s + 11*s = -4*m - 46. Let r be p(m). What is the greatest common divisor of r and 2?
2
Suppose -95804 = -50*c + 97655 - 69459. What is the highest common factor of c and 120?
40
Let r = 48 - 2. Suppose -r = -2*m - 4*f, 2*m - 3*f = 2 + 9. What is the highest common divisor of 1313 and m?
13
Let w be 89/267 + 529/(-3). Let m = 211 + w. What is the greatest common divisor of 65 and m?
5
Let b = 123265 + -123257. Let l be 2/4*(3 + -3). Let p(y) = -y**3 + y + 6. Let i be p(l). What is the greatest common divisor of i and b?
2
Let f(s) = -s**2 - 13*s + 346. Let x be f(10). Calculate the greatest common divisor of 20 and x.
4
Suppose 0 = 3*d + 3*x - 8043, -5*d - 302*x + 300*x = -13426. What is the greatest common factor of d and 640?
128
Let p be (40/6)/(3/9). Let u = 254 - -59. Let a = u + -263. Calculate the greatest common divisor of a and p.
10
Let g = -34968 - -35360. Calculate the highest common factor of 119 and g.
7
Suppose f - 19 = -0*f. Let v(b) = 3590*